{"id":171,"date":"2025-04-17T09:08:03","date_gmt":"2025-04-17T09:08:03","guid":{"rendered":"https:\/\/praxis-im-wiemannshof.de\/?page_id=171"},"modified":"2025-04-17T09:08:03","modified_gmt":"2025-04-17T09:08:03","slug":"ueber-mich","status":"publish","type":"page","link":"https:\/\/praxis-im-wiemannshof.de\/index.php\/ueber-mich\/","title":{"rendered":"\u00dcber mich"},"content":{"rendered":"<p>[et_pb_section fb_built=&#8220;1&#8243; custom_padding_last_edited=&#8220;on|desktop&#8220; admin_label=&#8220;Intro&#8220; _builder_version=&#8220;4.27.0&#8243; background_image=&#8220;https:\/\/praxis-im-wiemannshof.de\/wp-content\/uploads\/2020\/11\/dr-gudrun-bruenner-2.jpg&#8220; height=&#8220;350px&#8220; custom_margin=&#8220;40px|40px|-200px|40px|false|true&#8220; custom_margin_tablet=&#8220;&#8220; custom_margin_phone=&#8220;20px|20px||20px|false|true&#8220; custom_margin_last_edited=&#8220;on|desktop&#8220; custom_padding=&#8220;100px|0px|0px|||&#8220; custom_padding_tablet=&#8220;40px||||false|false&#8220; custom_padding_phone=&#8220;&#8220; bottom_divider_color=&#8220;#E09900&#8243; border_radii_phone=&#8220;on|20px|20px|20px|20px&#8220; border_radii_last_edited=&#8220;off|desktop&#8220; global_colors_info=&#8220;{}&#8220;][\/et_pb_section][et_pb_section fb_built=&#8220;1&#8243; admin_label=&#8220;Leistungen&#8220; _builder_version=&#8220;4.27.0&#8243; background_color=&#8220;rgba(0,0,0,0)&#8220; custom_margin=&#8220;|40px||40px|false|true&#8220; custom_margin_tablet=&#8220;&#8220; custom_margin_phone=&#8220;|20px||20px|false|true&#8220; custom_margin_last_edited=&#8220;on|tablet&#8220; custom_padding=&#8220;0px||50px||false|false&#8220; global_colors_info=&#8220;{}&#8220;][et_pb_row column_structure=&#8220;2_3,1_3&#8243; custom_padding_last_edited=&#8220;on|desktop&#8220; admin_label=&#8220;Zeile&#8220; _builder_version=&#8220;4.27.0&#8243; background_color=&#8220;#ffffff&#8220; z_index=&#8220;0&#8243; width_tablet=&#8220;90%&#8220; width_phone=&#8220;90%&#8220; width_last_edited=&#8220;on|desktop&#8220; max_width=&#8220;1200px&#8220; overflow-x=&#8220;visible&#8220; overflow-y=&#8220;visible&#8220; custom_margin=&#8220;-30px|auto||auto|false|false&#8220; custom_padding=&#8220;0px|60px|60px|90px|false|false&#8220; custom_padding_tablet=&#8220;|||60px|false|false&#8220; custom_padding_phone=&#8220;|20px||20px|false|true&#8220; box_shadow_style=&#8220;preset3&#8243; box_shadow_vertical=&#8220;0px&#8220; box_shadow_blur=&#8220;50px&#8220; box_shadow_spread=&#8220;0px&#8220; box_shadow_color=&#8220;rgba(131,146,167,0.5)&#8220; global_colors_info=&#8220;{}&#8220; width__hover_enabled=&#8220;off&#8220;][et_pb_column type=&#8220;2_3&#8243; _builder_version=&#8220;4.27.0&#8243; custom_padding=&#8220;48px||||false|false&#8220; global_colors_info=&#8220;{}&#8220;][et_pb_text _builder_version=&#8220;4.27.0&#8243; text_font=&#8220;|300|||||||&#8220; text_line_height=&#8220;1.8em&#8220; header_font_size=&#8220;60px&#8220; header_2_font=&#8220;Taviraj||||||||&#8220; header_2_font_size=&#8220;46px&#8220; header_2_line_height=&#8220;1.2em&#8220; custom_padding=&#8220;||||false|false&#8220; custom_padding_tablet=&#8220;|30px||50px|true|false&#8220; custom_padding_phone=&#8220;|30px|||true|false&#8220; custom_padding_last_edited=&#8220;off|tablet&#8220; text_font_size_tablet=&#8220;&#8220; text_font_size_phone=&#8220;15px&#8220; text_font_size_last_edited=&#8220;on|desktop&#8220; header_2_font_size_tablet=&#8220;40px&#8220; header_2_font_size_phone=&#8220;30px&#8220; header_2_font_size_last_edited=&#8220;on|phone&#8220; global_colors_info=&#8220;{}&#8220;]<\/p>\n<h1>\u00dcber mich<\/h1>\n<p>[\/et_pb_text][et_pb_text _builder_version=&#8220;4.27.0&#8243; text_font=&#8220;||||||||&#8220; text_line_height=&#8220;1.8em&#8220; header_2_font=&#8220;Taviraj||||||||&#8220; header_2_font_size=&#8220;46px&#8220; header_2_line_height=&#8220;1.2em&#8220; custom_padding=&#8220;||||false|false&#8220; custom_padding_tablet=&#8220;|30px||50px|true|false&#8220; custom_padding_phone=&#8220;|30px|||true|false&#8220; custom_padding_last_edited=&#8220;off|tablet&#8220; text_font_size_tablet=&#8220;&#8220; text_font_size_phone=&#8220;15px&#8220; text_font_size_last_edited=&#8220;on|desktop&#8220; header_2_font_size_tablet=&#8220;40px&#8220; header_2_font_size_phone=&#8220;30px&#8220; header_2_font_size_last_edited=&#8220;on|phone&#8220; global_colors_info=&#8220;{}&#8220;]<\/p>\n<p>Fach\u00e4rztin f\u00fcr Kinder- und Jugendpsychiatrie und -psychotherapie.<\/p>\n<div><\/div>\n<div><\/div>\n<div><\/div>\n<p>[\/et_pb_text][\/et_pb_column][et_pb_column type=&#8220;1_3&#8243; _builder_version=&#8220;4.27.0&#8243; custom_padding=&#8220;48px||||false|false&#8220; global_colors_info=&#8220;{}&#8220;][\/et_pb_column][\/et_pb_row][\/et_pb_section][et_pb_section fb_built=&#8220;1&#8243; _builder_version=&#8220;4.27.0&#8243; _module_preset=&#8220;default&#8220; global_colors_info=&#8220;{}&#8220;][et_pb_row column_structure=&#8220;3_5,2_5&#8243; _builder_version=&#8220;4.27.0&#8243; _module_preset=&#8220;default&#8220; global_colors_info=&#8220;{}&#8220;][et_pb_column type=&#8220;3_5&#8243; _builder_version=&#8220;4.27.0&#8243; _module_preset=&#8220;default&#8220; global_colors_info=&#8220;{}&#8220;][et_pb_blurb title=&#8220;Dr. Gudrun Peters&#8220; _builder_version=&#8220;4.27.0&#8243; _module_preset=&#8220;default&#8220; background_color=&#8220;#FFFFFF&#8220; custom_padding=&#8220;30px|30px|30px|30px|true|true&#8220; box_shadow_style=&#8220;preset3&#8243; box_shadow_vertical=&#8220;0px&#8220; box_shadow_blur=&#8220;50px&#8220; box_shadow_color=&#8220;rgba(131,146,167,0.2)&#8220; global_colors_info=&#8220;{}&#8220;]<\/p>\n<div><\/div>\n<div>Mit langj\u00e4hriger Erfahrung in der Medizin, Psychiatrie und Psychotherapie begleite ich Kinder, Jugendliche und ihre Familien in herausfordernden Lebensphasen. Mein Schwerpunkt liegt auf einer ganzheitlichen, individuellen Betreuung mit besonderem Blick auf systemische Zusammenh\u00e4nge.<\/div>\n<p>[\/et_pb_blurb][et_pb_toggle title=&#8220;Beruflicher Werdegang&#8220; open_icon_color=&#8220;#cbbb9f&#8220; _builder_version=&#8220;4.27.0&#8243; _module_preset=&#8220;6d8c894a-8b5e-4db8-8c10-3449ab3ac8a5&#8243; global_colors_info=&#8220;{}&#8220;]<\/p>\n<p><strong style=\"color: #5b5b5b;\">Medizinische Ausbildung &amp; Promotion<\/strong><\/p>\n<p>Nach einer <strong>Krankenpflegeausbildung<\/strong> 1988-1991 in L\u00fcneburg zog es mich nach Frankreich, wo ich zun\u00e4chst in der kardiologischen Intensivmedizin arbeitete. Parallel zum <strong>Medizinstudium<\/strong>, welches ich sp\u00e4ter in Magdeburg und Hannover absolvierte einschlie\u00dflich Famulaturen in der Neurologie, Kinderonkologie und Schlafmedizin in Deutschland und der Schweiz arbeitete ich weiter in der ambulanten und station\u00e4ren Pflege, der Notaufnahme und Intensivmedizin. So konnte ich die verschiedensten Facetten der Patientenbetreuung kennenlernen. Meine <strong>Promotion<\/strong> entstand in der Folge zu schlafbezogenen Atemst\u00f6rungen bei Patienten mit schwerer Herzschw\u00e4che in der Folge einer Herzmuskelerkrankung.<\/p>\n<p><strong><\/strong><\/p>\n<p><strong style=\"color: #5b5b5b;\">Facharztausbildung &amp; Spezialisierung<\/strong><\/p>\n<p>Die\u00a0<strong>Facharztausbildung\u00a0<\/strong>absolvierte ich beginnend in der Allgemein- und Gerontopsychiatrie, sp\u00e4ter der Kinder- und Jugendpsychiatrie im Klinikum Wunstorf. Der systemische Ansatz in der Behandlung von Patienten in ihrem Umfeld stand dort bezeichnend im Vordergrund der Arbeit. Die tiefenpsychologisch fundierte Ausrichtung erwarb ich parallel in der Klinik Tiefenbrunn bei G\u00f6ttingen.<\/p>\n<p>Ich erwarb so neben der\u00a0<strong>Fachkunde f\u00fcr Kinder- und Jugendpsychiatrie und -psychotherapie<\/strong>\u00a0den <strong>Zusatztitel Psychotherapie (Erwachsene)<\/strong>.<\/p>\n<p><strong><\/strong><\/p>\n<p><strong style=\"color: #5b5b5b;\">Weitere Stationen<\/strong><\/p>\n<p>In der nachfolgenden\u00a0Ambulanzt\u00e4tigkeit\u00a0im Klinikum verfolgte ich ambulante Versorgung sowie Vernetzung mit klinischen Partnern.<\/p>\n<p>2011 erfolgte die Gr\u00fcndung und der Aufbau einer\u00a0<strong>sozialpsychiatrischen Gemeinschaftspraxis<\/strong>\u00a0f\u00fcr Kinder und Jugendliche mit einem multidisziplin\u00e4ren Team. Es entstanden Kooperationen mit verschiedenen Lehrinstituten sowie Lehrt\u00e4tigkeiten u.a. an einer Krankenpflegeschule sowie an der psychologischen Fakult\u00e4t des MEU Magdeburg. Hierbei brachte ich insbesondere auch menschenrechtsrelevante Inhalte in Bezug auf unsere t\u00e4gliche Arbeit mit Patienten ein, in Anlehnung an die langj\u00e4hrige Mitarbeit im Heilberuflernetzwerk von amnesty Deutschland\/ international.[\/et_pb_toggle][et_pb_toggle title=&#8220;Soziales Engagement &#038; Netzwerkarbeit&#8220; open_icon_color=&#8220;#cbbb9f&#8220; _builder_version=&#8220;4.27.0&#8243; _module_preset=&#8220;6d8c894a-8b5e-4db8-8c10-3449ab3ac8a5&#8243; global_colors_info=&#8220;{}&#8220;]<\/p>\n<ul>\n<li data-start=\"1454\" data-end=\"1544\">Mitgr\u00fcndung des <strong data-start=\"1472\" data-end=\"1542\">Netzwerks f\u00fcr traumatisierte Fl\u00fcchtlinge Niedersachsen (NTFN e.V.)<\/strong><\/li>\n<li data-start=\"1545\" data-end=\"1610\">Aufbau eines Qualit\u00e4tszirkels f\u00fcr interkulturelle Psychiatrie<\/li>\n<li data-start=\"1611\" data-end=\"1690\">Langj\u00e4hrige Mitarbeit im Heilberuflernetzwerk von <strong data-start=\"1663\" data-end=\"1688\">Amnesty International<\/strong><\/li>\n<\/ul>\n<p>[\/et_pb_toggle][et_pb_toggle title=&#8220;Aktuelle T\u00e4tigkeit&#8220; open_icon_color=&#8220;#cbbb9f&#8220; _builder_version=&#8220;4.27.0&#8243; _module_preset=&#8220;6d8c894a-8b5e-4db8-8c10-3449ab3ac8a5&#8243; global_colors_info=&#8220;{}&#8220;]<\/p>\n<p data-pm-slice=\"0 0 []\">2021 zog es mich nach Ostfriesland: Ich ergriff die M\u00f6glichkeit mit dem Aufbau einer\u00a0<strong>Psychotherapiepraxis f\u00fcr Kinder und Jugendliche<\/strong>\u00a0im Landkreis Leer (Einzel-\/ Gruppentherapie), welche ich 2024 an Eva Maria Moog \u00fcbergab.<\/p>\n<p data-pm-slice=\"0 0 []\">Seit 2024 habe ich mit dem Aufbau bzw. der \u00dcbernahme der\u00a0<strong>kinder- und jugendpsychiatrischen Praxis<\/strong>\u00a0(von ehemals Georg Hammer, Leer) begonnen. Dies erm\u00f6glicht ein erweitertes Angebot von Diagnostik sowie medizinischer Betreuung und therapeutischen Angeboten sowie die Kooperation mit anderen therapeutischen Anbietern und Institutionen.<\/p>\n<p>[\/et_pb_toggle][\/et_pb_column][et_pb_column type=&#8220;2_5&#8243; _builder_version=&#8220;4.27.0&#8243; _module_preset=&#8220;default&#8220; global_colors_info=&#8220;{}&#8220;][et_pb_image src=&#8220;https:\/\/praxis-im-wiemannshof.de\/wp-content\/uploads\/2020\/11\/dr-gudrun-bruenner.jpg&#8220; title_text=&#8220;rptnb&#8220; _builder_version=&#8220;4.27.0&#8243; _module_preset=&#8220;default&#8220; module_alignment=&#8220;center&#8220; custom_padding=&#8220;||0px|||&#8220; global_colors_info=&#8220;{}&#8220;][\/et_pb_image][\/et_pb_column][\/et_pb_row][\/et_pb_section][et_pb_section fb_built=&#8220;1&#8243; _builder_version=&#8220;4.27.0&#8243; _module_preset=&#8220;default&#8220; global_colors_info=&#8220;{}&#8220;][et_pb_row _builder_version=&#8220;4.27.0&#8243; _module_preset=&#8220;default&#8220; global_colors_info=&#8220;{}&#8220;][et_pb_column type=&#8220;4_4&#8243; _builder_version=&#8220;4.27.0&#8243; _module_preset=&#8220;default&#8220; global_colors_info=&#8220;{}&#8220;][et_pb_text _builder_version=&#8220;4.27.0&#8243; _module_preset=&#8220;default&#8220; global_colors_info=&#8220;{}&#8220;]<\/p>\n<h3 style=\"text-align: center;\"><strong><span class=\"innerContentContainer\">Verbandszugeh\u00f6rigkeit<\/span><\/strong><\/h3>\n<p>[\/et_pb_text][\/et_pb_column][\/et_pb_row][et_pb_row column_structure=&#8220;1_4,1_4,1_4,1_4&#8243; _builder_version=&#8220;4.27.0&#8243; _module_preset=&#8220;default&#8220; background_enable_image=&#8220;off&#8220; global_colors_info=&#8220;{}&#8220;][et_pb_column type=&#8220;1_4&#8243; _builder_version=&#8220;4.27.0&#8243; _module_preset=&#8220;default&#8220; background_image=&#8220;https:\/\/praxis-im-wiemannshof.de\/wp-content\/uploads\/2025\/01\/logobkjjp60unten.png&#8220; background_size=&#8220;contain&#8220; background_position=&#8220;top_center&#8220; global_colors_info=&#8220;{}&#8220;][et_pb_image src=&#8220;https:\/\/praxis-im-wiemannshof.de\/wp-content\/uploads\/2025\/01\/logobkjjp60unten-gold.jpg&#8220; title_text=&#8220;logobkjjp60unten gold&#8220; url=&#8220;https:\/\/www.kinder-psychiatrie.de\/&#8220; url_new_window=&#8220;on&#8220; disabled_on=&#8220;off|off|off&#8220; _builder_version=&#8220;4.27.0&#8243; _module_preset=&#8220;default&#8220; global_colors_info=&#8220;{}&#8220; filter_opacity__hover_enabled=&#8220;on|hover&#8220; filter_opacity__hover=&#8220;0%&#8220;][\/et_pb_image][\/et_pb_column][et_pb_column type=&#8220;1_4&#8243; _builder_version=&#8220;4.27.0&#8243; _module_preset=&#8220;default&#8220; background_image=&#8220;https:\/\/praxis-im-wiemannshof.de\/wp-content\/uploads\/2025\/01\/Logo-farbig.png&#8220; background_size=&#8220;contain&#8220; background_position=&#8220;top_center&#8220; global_colors_info=&#8220;{}&#8220;][et_pb_image src=&#8220;https:\/\/praxis-im-wiemannshof.de\/wp-content\/uploads\/2025\/01\/logo-gold.png&#8220; title_text=&#8220;logo gold&#8220; url=&#8220;https:\/\/www.ntfn.de\/&#8220; url_new_window=&#8220;on&#8220; _builder_version=&#8220;4.27.0&#8243; _module_preset=&#8220;default&#8220; global_colors_info=&#8220;{}&#8220; filter_opacity__hover_enabled=&#8220;on|hover&#8220; filter_opacity__hover=&#8220;0%&#8220;][\/et_pb_image][et_pb_image title_text=&#8220;crop_original_bp1649344219_NTFN_Logo_quadratisch gold mit H&#8220; url=&#8220;https:\/\/www.ntfn.de\/team\/&#8220; url_new_window=&#8220;on&#8220; _builder_version=&#8220;4.27.0&#8243; _module_preset=&#8220;default&#8220; transform_scale=&#8220;60%|60%&#8220; global_colors_info=&#8220;{}&#8220; filter_opacity__hover_enabled=&#8220;on|desktop&#8220; filter_opacity__hover=&#8220;0%&#8220;][\/et_pb_image][\/et_pb_column][et_pb_column type=&#8220;1_4&#8243; _builder_version=&#8220;4.27.0&#8243; _module_preset=&#8220;default&#8220; background_image=&#8220;https:\/\/praxis-im-wiemannshof.de\/wp-content\/uploads\/2025\/01\/dgkjp-logo-web-gesamt-farbe.png&#8220; background_size=&#8220;contain&#8220; background_position=&#8220;top_center&#8220; global_colors_info=&#8220;{}&#8220;][et_pb_image src=&#8220;https:\/\/praxis-im-wiemannshof.de\/wp-content\/uploads\/2025\/01\/dgkjp-logo-web-gesamt-scaled.jpg&#8220; title_text=&#8220;dgkjp-logo-web-gesamt&#8220; url=&#8220;https:\/\/www.dgkjp.de\/&#8220; url_new_window=&#8220;on&#8220; disabled_on=&#8220;off|off|off&#8220; _builder_version=&#8220;4.27.0&#8243; _module_preset=&#8220;default&#8220; global_colors_info=&#8220;{}&#8220; filter_opacity__hover_enabled=&#8220;on|hover&#8220; filter_opacity__hover=&#8220;0%&#8220;][\/et_pb_image][\/et_pb_column][et_pb_column type=&#8220;1_4&#8243; _builder_version=&#8220;4.27.0&#8243; _module_preset=&#8220;default&#8220; background_image=&#8220;https:\/\/praxis-im-wiemannshof.de\/wp-content\/uploads\/2025\/01\/Logo_Wort-Bildmarke_RGB_Weiss_0.png&#8220; background_size=&#8220;contain&#8220; link_option_url=&#8220;https:\/\/amnesty-heilberufe.de\/&#8220; link_option_url_new_window=&#8220;on&#8220; global_colors_info=&#8220;{}&#8220;][et_pb_image src=&#8220;https:\/\/praxis-im-wiemannshof.de\/wp-content\/uploads\/2025\/01\/Logo_Wort-Bildmarke_RGB_Weiss_0-gold.png&#8220; title_text=&#8220;Logo_Wort-Bildmarke_RGB_Weiss_0 gold&#8220; url=&#8220;https:\/\/amnesty-heilberufe.de\/&#8220; url_new_window=&#8220;on&#8220; _builder_version=&#8220;4.27.0&#8243; _module_preset=&#8220;default&#8220; global_colors_info=&#8220;{}&#8220; filter_opacity__hover_enabled=&#8220;on|hover&#8220; filter_opacity__hover=&#8220;0%&#8220;][\/et_pb_image][\/et_pb_column][\/et_pb_row][\/et_pb_section]<\/p>\n","protected":false},"excerpt":{"rendered":"<p>\u00dcber michFach\u00e4rztin f\u00fcr Kinder- und Jugendpsychiatrie und -psychotherapie. Mit langj\u00e4hriger Erfahrung in der Medizin, Psychiatrie und Psychotherapie begleite ich Kinder, Jugendliche und ihre Familien in herausfordernden Lebensphasen. Mein Schwerpunkt liegt auf einer ganzheitlichen, individuellen Betreuung mit besonderem Blick auf systemische Zusammenh\u00e4nge.Medizinische Ausbildung &amp; Promotion Nach einer Krankenpflegeausbildung 1988-1991 in L\u00fcneburg zog es mich nach Frankreich, [&hellip;]<\/p>\n","protected":false},"author":1,"featured_media":0,"parent":0,"menu_order":0,"comment_status":"closed","ping_status":"closed","template":"","meta":{"_et_pb_use_builder":"on","_et_pb_old_content":"","_et_gb_content_width":"","footnotes":""},"class_list":["post-171","page","type-page","status-publish","hentry"],"_links":{"self":[{"href":"https:\/\/praxis-im-wiemannshof.de\/index.php\/wp-json\/wp\/v2\/pages\/171"}],"collection":[{"href":"https:\/\/praxis-im-wiemannshof.de\/index.php\/wp-json\/wp\/v2\/pages"}],"about":[{"href":"https:\/\/praxis-im-wiemannshof.de\/index.php\/wp-json\/wp\/v2\/types\/page"}],"author":[{"embeddable":true,"href":"https:\/\/praxis-im-wiemannshof.de\/index.php\/wp-json\/wp\/v2\/users\/1"}],"replies":[{"embeddable":true,"href":"https:\/\/praxis-im-wiemannshof.de\/index.php\/wp-json\/wp\/v2\/comments?post=171"}],"version-history":[{"count":22,"href":"https:\/\/praxis-im-wiemannshof.de\/index.php\/wp-json\/wp\/v2\/pages\/171\/revisions"}],"predecessor-version":[{"id":568,"href":"https:\/\/praxis-im-wiemannshof.de\/index.php\/wp-json\/wp\/v2\/pages\/171\/revisions\/568"}],"wp:attachment":[{"href":"https:\/\/praxis-im-wiemannshof.de\/index.php\/wp-json\/wp\/v2\/media?parent=171"}],"curies":[{"name":"wp","href":"https:\/\/api.w.org\/{rel}","templated":true}]}}